ded by 3.
0
What is the remainder when 29504 is divided by 120?
104
What is the remainder when 869161 is divided by 124165?
6
What is the remainder when 498 is divided by 97?
13
What is the remainder when 104329 is divided by 166?
81
What is the remainder when 3662 is divided by 624?
542
Calculate the remainder when 119695 is divided by 17.
15
Calculate the remainder when 27068 is divided by 13534.
0
Calculate the remainder when 269113 is divided by 233.
231
Calculate the remainder when 91077 is divided by 36.
33
What is the remainder when 6676 is divided by 2225?
1
Calculate the remainder when 146151 is divided by 31.
17
What is the remainder when 850 is divided by 249?
103
Calculate the remainder when 39596 is divided by 3959.
6
Calculate the remainder when 62782 is divided by 483.
475
Calculate the remainder when 223211 is divided by 12400.
11
Calculate the remainder when 1642 is divided by 1535.
107
What is the remainder when 145911 is divided by 160?
151
What is the remainder when 4200 is divided by 133?
77
Calculate the remainder when 16077 is divided by 67.
64
What is the remainder when 48561 is divided by 12139?
5
What is the remainder when 1289999 is divided by 344?
343
Calculate the remainder when 12782 is divided by 672.
14
Calculate the remainder when 24222 is divided by 16.
14
What is the remainder when 1441177 is divided by 288233?
12
What is the remainder when 6351 is divided by 49?
30
Calculate the remainder when 4974 is divided by 81.
33
Calculate the remainder when 41814 is divided by 89.
73
Calculate the remainder when 31753 is divided by 171.
118
Calculate the remainder when 276833 is divided by 4012.
5
Calculate the remainder when 32839 is divided by 8164.
183
Calculate the remainder when 382716 is divided by 80.
76
What is the remainder when 60016 is divided by 1396?
1384
What is the remainder when 17673 is divided by 118?
91
Calculate the remainder when 825749 is divided by 30.
29
What is the remainder when 2512 is divided by 1192?
128
What is the remainder when 369877 is divided by 43?
34
Calculate the remainder when 5497 is divided by 1799.
100
Calculate the remainder when 19876 is divided by 9929.
18
What is the remainder when 239481 is divided by 1434?
3
Calculate the remainder when 295736 is divided by 60.
56
Calculate the remainder when 531294 is divided by 385.
379
Calculate the remainder when 204 is divided by 170.
34
What is the remainder when 765341 is divided by 236?
229
What is the remainder when 801622 is divided by 19?
12
Calculate the remainder when 69899 is divided by 153.
131
What is the remainder when 252920 is divided by 21?
17
Calculate the remainder when 49756 is divided by 160.
156
What is the remainder when 2571 is divided by 7?
2
What is the remainder when 36838 is divided by 22?
10
Calculate the remainder when 7591 is divided by 17.
9
What is the remainder when 31152 is divided by 20?
12
What is the remainder when 80012 is divided by 27?
11
Calculate the remainder when 42753 is divided by 92.
65
Calculate the remainder when 408763 is divided by 13.
4
What is the remainder when 44094 is divided by 53?
51
What is the remainder when 28957 is divided by 475?
457
What is the remainder when 15729 is divided by 1741?
60
Calculate the remainder when 26244 is divided by 214.
136
Calculate the remainder when 56821 is divided by 63.
58
Calculate the remainder when 161675 is divided by 81.
80
Calculate the remainder when 49787 is divided by 181.
12
What is the remainder when 6812 is divided by 50?
12
Calculate the remainder when 1451 is divided by 47.
41
What is the remainder when 3037 is divided by 2669?
368
What is the remainder when 25227 is divided by 20?
7
What is the remainder when 3038 is divided by 68?
46
What is the remainder when 8680 is divided by 276?
124
What is the remainder when 207758 is divided by 196?
194
What is the remainder when 39891 is divided by 101?
97
Calculate the remainder when 628849 is divided by 14624.
17
What is the remainder when 7355 is divided by 1466?
25
Calculate the remainder when 126 is divided by 7.
0
Calculate the remainder when 114148 is divided by 541.
538
What is the remainder when 5655 is divided by 27?
12
What is the remainder when 2056 is divided by 239?
144
Calculate the remainder when 14439 is divided by 21.
12
What is the remainder when 156065 is divided by 52020?
5
What is the remainder when 16930 is divided by 5639?
13
What is the remainder when 5245 is divided by 4888?
357
Calculate the remainder when 32938 is divided by 624.
490
Calculate the remainder when 3726 is divided by 743.
11
Calculate the remainder when 787 is divided by 107.
38
What is the remainder when 2524 is divided by 23?
17
Calculate the remainder when 5287 is divided by 1034.
117
What is the remainder when 1450 is divided by 718?
14
What is the remainder when 1336 is divided by 273?
244
What is the remainder when 44615 is divided by 25?
15
What is the remainder when 9069 is divided by 1491?
123
Calculate the remainder when 14440 is divided by 130.
10
What is the remainder when 221184 is divided by 484?
480
Calculate the remainder when 556789 is divided by 881.
878
What is the remainder when 65339 is divided by 12?
11
What is the remainder when 447 is divided by 403?
44
What is the remainder when 2114 is divided by 684?
62
Calculate the remainder when 6291 is divided by 106.
37
Calculate the remainder when 378379 is divided by 15764.
43
Calculate the remainder when 661 is divided by 302.
57
Calculate the remainder when 64332 is divided by 80.
12
What is the remainder when 5823 is divided by 232?
23
Calculate the remainder when 243 is divided by 232.
11
What is the remainder when 60479 is divided by 168?
167
What is the remainder when 259582 is divided by 624?
622
What is the remainder when 152658 is divided by 3914?
12
What is the remainder when 532880 is divided by 525?
5
What is the remainder when 281864 is divided by 586?
584
What is the remainder when 13666 is divided by 12?
10
Calculate the remainder when 1064 is divided by 168.
56
Calculate the remainder when 7388 is divided by 3612.
164
Calculate the remainder when 3089 is divided by 342.
11
What is the remainder when 1556 is divided by 1351?
205
Calculate the remainder when 5892 is divided by 29.
5
Calculate the remainder when 219649 is divided by 36606.
13
What is the remainder when 3627 is divided by 105?
57
Calculate the remainder when 2764 is divided by 276.
4
Calculate the remainder when 1292 is divided by 517.
258
What is the remainder when 22560 is divided by 7517?
9
What is the remainder when 5866 is divided by 821?
119
What is the remainder when 1595166 is divided by 15?
6
Calculate the remainder when 20552 is divided by 733.
28
What is the remainder when 8080247 is divided by 127?
126
What is the remainder when 721955 is divided by 1315?
20
Calculate the remainder when 3458 is divided by 41.
14
What is the remainder when 4613 is divided by 208?
37
What is the remainder when 79540 is divided by 133?
6
What is the remainder when 20263 is divided by 13?
9
Calculate the remainder when 3450 is divided by 391.
322
What is the remainder when 381829 is divided by 957?
943
Calculate the remainder when 8576 is divided by 39.
35
What is the remainder when 96301 is divided by 107?
1
What is the remainder when 6497 is divided by 117?
62
Calculate the remainder when 24720 is divided by 158.
72
Calculate the remainder when 14037 is divided by 706.
623
Calculate the remainder when 5430 is divided by 873.
192
Calculate the remainder when 22720 is divided by 784.
768
Calculate the remainder when 4053 is divided by 11.
5
Calculate the remainder when 1173 is divided by 1160.
13
What is the remainder when 2566 is divided by 35?
11
Calculate the remainder when 4775 is divided by 1551.
122
What is the remainder when 544 is divided by 131?
20
Calculate the remainder when 74550 is divided by 74539.
11
What is the remainder when 66995 is divided by 435?
5
What is the remainder when 1371563 is divided by 25?
13
What is the remainder when 32639 is divided by 251?
9
Calculate the remainder when 6020 is divided by 107.
28
Calculate the remainder when 529416 is divided by 176468.
12
Calculate the remainder when 7699 is divided by 98.
55
Calculate 